, -5*h - r + 14 = 0. Let m(z) = 0*z**2 - z - h*z**2 + 2*z**u + 1. Determine m(2).
-5
Let s(h) be the third derivative of h**4/24 - h**3/6 - 6*h**2. Give s(-3).
-4
Suppose 0 = -3*r + 2*j, -r + 4*r - 3*j = -3. Let v(q) = -3*q + 2 - q**r + 5*q**2 - 2*q**2 + q**3 + q. Calculate v(-3).
-1
Let m(g) = g**3 - 5*g**2 - g + 2. Suppose -h - o + 4 = 0, 0*h - 2*o + 23 = 5*h. What is m(h)?
-3
Let o be (-259)/(-49) - 2/7. Let m(n) = 2 + o + n + 5 - 5. Give m(-3).
4
Let h(j) = j**3 + 4*j**2 + 2*j - 1. Let p be h(-2). Suppose p*g - 3 = 2*g. Let m = g + -8. Let i(k) = k**2 + 3*k - 3. Give i(m).
7
Let d(v) = -17*v + 2. Let n be ((-8)/(-5))/(4/10). Suppose 4*k = -n*b, b - 8 = 3*b - 2*k. Let t(j) = 8*j - 1. Let x(c) = b*d(c) - 5*t(c). Give x(-1).
7
Let a be (52/3)/((-2)/(-6)). Let l be a/14 - 2/(-7). Suppose 2 = l*t + g, -t + 4*t = 4*g - 8. Let d(q) = q - 8. Calculate d(t).
-8
Let x(a) = -4*a - 11. Let m(h) = 6*h + 17. Let z(o) = -5*m(o) - 8*x(o). Let p = -32 + 36. What is z(p)?
11
Let s(m) = -m**2 + 4*m + 3. Let q(z) = -z**2 + 3*z + 5. Suppose 0*t + t - 5 = 0. Let r be q(t). Let h(v) = -v**2 - 7*v - 6. Let w be h(r). Determine s(w).
3
Suppose -3*w + 3*b + 21 = 0, -2*w + b + 4*b = -29. Let l(h) = -h**2 - 8*h - 3. Let a be l(-6). Suppose -a = -w*s - s. Let k(r) = r**2 - 3*r + 3. What is k(s)?
3
Let s(c) = -c**3 - 5*c**2 + 5*c - 6. Let j be s(-6). Let t(w) = -w**3 + w - 1. Let z(u) = u**2 - 6. Let a(l) = t(l) - z(l). Calculate a(j).
5
Let y be 0 - 3 - -2 - -3. Suppose 4 = r - 4*r - y*g, -4*r - 5*g = 17. Suppose 2*s = 2*z - 10, -z - 3*s + r*s = -3. Let q(i) = -i + 5. Determine q(z).
1
Let o(k) = -1. Let m(u) = -u**3 + 6*u**2 - 2*u. Let s(r) = m(r) - 5*o(r). Give s(6).
-7
Let s(a) = -a - 2. Let n be s(-4). Let h be (n/2)/((-8)/(-40)). Let p(d) = -d**2 + 4*d + 4. What is p(h)?
-1
Let m(v) = 7*v - 3. Let u be (-20)/(-12) + (-2)/(-6). Let y = u - 0. What is m(y)?
11
Let c(g) = g + 5. Suppose -2 + 17 = -5*k. Determine c(k).
2
Suppose 5*d + 0*d + 20 = 0. Let p be (9/d)/((-6)/16). Let i(a) = -2*a**2 + 6 + 3*a**2 + 0*a**2 - p*a. Calculate i(4).
-2
Let g(u) be the third derivative of 0 + 7/6*u**3 - 1/12*u**4 + 0*u - 3*u**2. Calculate g(5).
-3
Let b = 6 + -12. Let q be ((-2)/b)/((-1)/(-18)). Let f(l) = 4*l + 5. Let h(w) = 5*w + 4. Let c(i) = q*f(i) - 5*h(i). Calculate c(5).
5
Let p(n) = 7*n + 8. Let q(z) = -2*z - 1. Let a(c) = p(c) + 3*q(c). Let x = -22 - -16. Give a(x).
-1
Let s(c) = -4*c**2 - 7*c - 2. Let p(x) = x**2 + x + 1. Let t = -7 - -2. Let y(b) = t*p(b) - s(b). Let m = 13 - 11. Calculate y(m).
-3
Let g(s) = 8*s**2 - s + 4 + 3*s - s**3 - 3*s**2 + 5*s. What is g(6)?
10
Let q(j) = -3 + 12*j - 13*j - 1. Calculate q(0).
-4
Let w(l) be the third derivative of -l**6/120 + l**5/15 + l**4/4 + l**3/2 + l**2. Let f be 1 + -2 - (-2 - 4). What is w(f)?
8
Let t(u) = 2*u - 3. Suppose 4*y = 3*m - 0*m + 15, -2*m = -3*y + 12. What is t(y)?
9
Let p = 6 + -4. Suppose 0 = -3*t + t + m - 2, p*m - 9 = -t. Let u(y) = -2*y**2. Calculate u(t).
-2
Let x(v) = 6*v**2 + 8*v - 5. Let d(y) = -y**2 + 1. Let s(k) = -5*d(k) - x(k). Let j be s(-8). Let n(u) = u**2 - u - 8. Calculate n(j).
-8
Let m(z) = -z**3 - 2*z**2 + 3*z + 1. Let n(g) = -g**2 + 5*g - 4. Suppose 5 = -3*d + 17. Let w be n(d). Suppose 6*f - f + 15 = w. What is m(f)?
1
Let n(t) be the third derivative of -t**6/120 + t**5/20 - t**4/24 - 10*t**2. Determine n(1).
1
Let b(r) = -r**3 + 8*r**2 - 7*r - 2*r + 3*r - 2 + 0*r. Calculate b(7).
5
Let c(b) = -2*b - 1. Let a(m) = m + 1. Let l(p) = 8*a(p) + 5*c(p). Let o(k) = 2*k - k + 2*k - 7. Let n(g) = 5*l(g) + 2*o(g). Calculate n(-3).
13
Let f(c) = -155*c - 2 - 4*c**2 + 3*c**2 + 151*c. Determine f(-5).
-7
Let w = -6 + 8. Let z(j) = -3 + 0 - j**2 - w. Determine z(0).
-5
Let i be (4/(-3))/(10/(-15)). Let y(q) = -q**3 + 4*q**2 - 2*q - 2. Calculate y(i).
2
Suppose -8 + 23 = 3*k. Suppose 2*c = k*z + 26, 3*z + 5 = -c - 4. Let f(g) = 2*g + 5*g - 4 - g**c - 2*g + 4*g**2. Give f(5).
-4
Let p(y) = y**3 - y**2 + 1. Let c(q) = q**3 - 7*q**2 + 8*q + 8. Let t(n) = -c(n) + 2*p(n). What is t(-6)?
6
Suppose -12*h = -28 - 20. Let n(v) = 3*v - 5. What is n(h)?
7
Let y(x) = 0*x - x**2 - x - 1 - 3 + 7*x. Determine y(4).
4
Suppose -3 = 3*a, 3*a - 13 = -4*u + 4*a. Let x(w) = -w**2 + 4*w + 2. Give x(u).
5
Let l = -36 + 30. Let x(j) = 2*j. Give x(l).
-12
Let n(q) = q**3 - 3*q**2 + 3*q + 1. Let i(d) = -2*d**3 + 6*d**2 - 7*d - 2. Let k(r) = -2*i(r) - 5*n(r). Suppose a + 2*a - 10 = v, -4*v + 2*a = 0. What is k(v)?
1
Let a(n) = -3*n**2 - 5*n + 14. Let v(j) = 2*j**2 + 3*j - 9. Let u(f) = -5*a(f) - 8*v(f). Let k be u(-2). Let x(g) = -g**2 - 2*g + 3. Determine x(k).
-5
Let d(v) = 3*v**2 + 3*v + 2. Suppose -4*h = 7 + 1. Determine d(h).
8
Suppose w = -0*w + 6. Let s(f) = 0 - 8*f - f**3 + 8 - w*f**2 - 2. Let r(i) = 3*i**3 + 18*i**2 + 23*i - 18. Let v(m) = -3*r(m) - 8*s(m). Determine v(-5).
6
Let p(l) be the third derivative of -l**6/120 + 2*l**5/15 - 11*l**4/24 + 4*l**3/3 - 12*l**2. What is p(7)?
-20
Let z(i) = i**3 - 4*i**2 - 2*i - 6. Suppose -3*l + 2*l + 5*q - 10 = 0, 2*l - 25 = -5*q. Determine z(l).
9
Suppose 2*u - 3 = u - 3*h, 36 = -5*u + 2*h. Let i(p) = 2 - 5*p - 2 + 6 - p**2. Calculate i(u).
0
Let c(a) be the first derivative of -a**4/4 + 7*a**3/3 - 7*a**2/2 - 3*a - 21. What is c(6)?
-9
Let t(s) be the second derivative of 5*s**3/6 + 9*s. Calculate t(-2).
-10
Let m(i) = -i**3 - 6*i**2 - 4*i + 6. Let a(s) = 3*s + 19. Let x be a(-8). What is m(x)?
1
Suppose 3 = -2*w + l - 0, 2*w = -l + 3. Let r(k) = -k**3 - k**2 - k + 12. Determine r(w).
12
Let w(z) = z**3 - z**2 + z + 1. Let i = 4 - -1. Let k(u) = -u**3 + 5*u**2 + u - 6. Let j be k(i). Calculate w(j).
-2
Let g(r) = -r**2 + 4*r + 6. Let l(q) = 3*q**2 - 11*q - 18. Let n(v) = 11*g(v) + 4*l(v). Let a be (-2)/(-4)*-2 + 1. Calculate n(a).
-6
Let g(v) = -1 - 3 - 7*v + 26*v**2 - 25*v**2. What is g(6)?
-10
Let t be (-1 - 2) + 6/3 + 1. Let y(j) = -2*j**2 + 5 + 2*j**2 + j**3. What is y(t)?
5
Let g(h) be the first derivative of h**7/840 + 7*h**6/360 + h**5/30 - h**4/8 + 8*h**3/3 + 3. Let f(a) be the third derivative of g(a). What is f(-6)?
9
Suppose 4*o - 3*o - 3 = 0. Suppose 21 = o*g - c - 0*c, 45 = 5*g - 5*c. Let u(v) = v + 2. What is u(g)?
8
Let u(f) = -f**2 - 9*f + 3. Let c be u(-9). Let m be (-5)/10*c*2. Let v(r) = r**3 + 0*r + 1 + 0*r + 5*r**2 + 4*r. What is v(m)?
7
Suppose 2*m + 4 = 6*m. Let y(c) = 3*c**2 - m + 0*c + 0*c + 2*c**3. Calculate y(-2).
-5
Let n(d) = 2*d**3 + 7*d**2 + 2*d - 9. Let q(f) = f**3 + 1. Let w(l) = -n(l) + q(l). Calculate w(-7).
24
Suppose r = -4*n + 13, 4*r = -4*n + 6*r - 2. Let t(w) be the first derivative of 1/2*w**n - 3 + 0*w. Give t(1).
1
Let n(m) = -m**2 - 5*m + 3. Let p(k) = -k - 5. Let y be p(-9). Suppose y*a - 13 = -5. Let h = a + -7. What is n(h)?
3
Suppose -3*u + q = 4*q + 18, 4*q + 20 = -3*u. Let t(o) = o**3 + 4*o**2 + 2*o - 3. Determine t(u).
-11
Let p(l) be the third derivative of -l**4/24 + l**3/6 + 3*l**2. Give p(-3).
4
Suppose 4*p - 16 = -5*h, 3*h - 3 = p - 7. Suppose -c - 6 = -5*z - 1, 4*z - p = 5*c. Let l(q) = -q**2 - 1. Determine l(c).
-1
Suppose 5*g = -5*a + 25, 4*a + 3*g - 3 = 15. Let h = 5 - a. Let b(s) = 0*s - 3*s + 5 - h. Calculate b(2).
-3
Suppose 3*u + 21 = 3*o, 2*u + 2*o = -o + 1. Let c(t) = -t**3 - 4*t**2 - 2*t - 1. Determine c(u).
7
Let z(a) = -a**2 - a + 4. Let b be z(-3). Let g be (-1)/(-2) + 6/4. Let c(s) = -2*s**3 + 2 + 2*s**2 - g*s**2 - s - 4*s**2. Determine c(b).
4
Let i(w) = w**2 + 2*w. Let x = 27 + 97. Let d be x/(-30) + (-10)/(-75). What is i(d)?
8
Let i(o) = o**2 - 6*o - 5. Let r be i(-1). Let y(c) be the third derivative of 0*c + 0 - r*c**2 + 1/6*c**3 - 1/120*c**6 - 1/12*c**5 - 1/8*c**4. Give y(-3).
-8
Let z be (3/(-2))/((-5)/(-10)). Let u = z - -4. Let p(m) be the third derivative of -m**4/12 - m**3/6 + 14*m**2. Determine p(u).
-3
Let y(w) be the first derivative of -w**2/2 + 31. What is y(-7)?
7
Let c(y) = y**3 - 4*y**2 + 2*y - 9. Let g(q) = -q**3 + 3*q**2 - q + 8. Let x(i) = 5*c(i) + 6*g(i). Let l = -5 + 3. What is x(l)?
-5
Let a be (7/(-14))/((-1)/26). Let d = a - 13. Let s(m) = -m**3 + m**2 + 1. Determine s(d).
1
Let c(i) be the first derivative of 3*i**4/2 + 2*i**3/3 + i**2/2 - 1. Suppose -6*x = -3*x + 3. What is c(x)?
-5
Let a(g) = g**3 + 4*g**2 - g - 5. Suppose 5*u = 7 + 3. Let t be u + 12/(-3) - 2. Let w be a(